{"id":209,"date":"2018-04-10T09:42:07","date_gmt":"2018-04-10T07:42:07","guid":{"rendered":"http:\/\/vanha.designontampere.com\/Vanha\/?page_id=209"},"modified":"2023-10-31T10:05:40","modified_gmt":"2023-10-31T08:05:40","slug":"yhdistys-2","status":"publish","type":"page","link":"https:\/\/vanha.designontampere.com\/Vanha\/yhdistys-2\/","title":{"rendered":"Yhdistys b"},"content":{"rendered":"\t\t<div data-elementor-type=\"wp-post\" data-elementor-id=\"209\" class=\"elementor elementor-209\">\n\t\t\t\t\t\t<div class=\"elementor-inner\">\n\t\t\t\t<div class=\"elementor-section-wrap\">\n\t\t\t\t\t\t\t\t\t<section class=\"elementor-section elementor-top-section elementor-element elementor-element-ea4f017 elementor-section-boxed elementor-section-height-default elementor-section-height-default\" data-id=\"ea4f017\" data-element_type=\"section\">\n\t\t\t\t\t\t<div class=\"elementor-container elementor-column-gap-default\">\n\t\t\t\t\t\t\t<div class=\"elementor-row\">\n\t\t\t\t\t<div class=\"elementor-column elementor-col-100 elementor-top-column elementor-element elementor-element-0c721f0\" data-id=\"0c721f0\" data-element_type=\"column\">\n\t\t\t<div class=\"elementor-column-wrap elementor-element-populated\">\n\t\t\t\t\t\t\t<div class=\"elementor-widget-wrap\">\n\t\t\t\t\t\t<div class=\"elementor-element elementor-element-12d71cb4 elementor-widget elementor-widget-text-editor\" data-id=\"12d71cb4\" data-element_type=\"widget\" data-widget_type=\"text-editor.default\">\n\t\t\t\t<div class=\"elementor-widget-container\">\n\t\t\t\t\t\t\t\t<div class=\"elementor-text-editor elementor-clearfix\">\n\t\t\t\tDesignOnTampere ry\t\t\t\t\t<\/div>\n\t\t\t\t\t\t<\/div>\n\t\t\t\t<\/div>\n\t\t\t\t<div class=\"elementor-element elementor-element-f8525e9 elementor-widget elementor-widget-text-editor\" data-id=\"f8525e9\" data-element_type=\"widget\" data-widget_type=\"text-editor.default\">\n\t\t\t\t<div class=\"elementor-widget-container\">\n\t\t\t\t\t\t\t\t<div class=\"elementor-text-editor elementor-clearfix\">\n\t\t\t\t<p>DesignOnTampere ry on tamperelaisten eri alojen suunnittelijoiden perustama yhdistys, joka kehitt\u00e4\u00e4 muotoilu- ja kaupunkikulttuuria Tampereella. Yhdistys on rekister\u00f6ity vuonna 2010.<\/p>\t\t\t\t\t<\/div>\n\t\t\t\t\t\t<\/div>\n\t\t\t\t<\/div>\n\t\t\t\t<div class=\"elementor-element elementor-element-dc10fbc elementor-widget elementor-widget-text-editor\" data-id=\"dc10fbc\" data-element_type=\"widget\" data-widget_type=\"text-editor.default\">\n\t\t\t\t<div class=\"elementor-widget-container\">\n\t\t\t\t\t\t\t\t<div class=\"elementor-text-editor elementor-clearfix\">\n\t\t\t\t<p>Yhdistyksen energinen synergia mahdollistaa notkean toiminnan ja eloisat tapahtumat. DOT ry j\u00e4rjest\u00e4\u00e4 vuosittain kolme Designtoria ja julkaisee vuosittain design-kartan Tampereen mielenkiintoisimmista putiikeista, kahviloista ja gallerioista. Yhdistys julkaisee my\u00f6s vuosittain DOT-muotoilu- ja kaupunkikulttuurilehden. Lis\u00e4ksi yhdistys yll\u00e4pit\u00e4\u00e4 paikallisten suunnittelijoiden kauppaa DOT shopia Tampereen Sokoksen 4. kerroksessa. DOT edist\u00e4\u00e4 kotimaisen ja eettisen muotoilun asemaa yhteisty\u00f6ss\u00e4 useiden eri toimijoiden kanssa.<\/p><p>Yhdistyksen toimintaa ohjaavat arvot: vastuullisuus, yhteis\u00f6llisyys ja yhdenvertaisuus. Yhdistyksen j\u00e4rjest\u00e4m\u00e4t tapahtumat ovat avoimia kaikille k\u00e4vij\u00f6ille ja DOT:in tuottamat julkaisut ovat ilmaisia. Tapahtumissa ja yhdistyksen toiminnassa emme hyv\u00e4ksy mink\u00e4\u00e4nlaista syrjint\u00e4\u00e4.<\/p>\t\t\t\t\t<\/div>\n\t\t\t\t\t\t<\/div>\n\t\t\t\t<\/div>\n\t\t\t\t\t\t<\/div>\n\t\t\t\t\t<\/div>\n\t\t<\/div>\n\t\t\t\t\t\t\t\t<\/div>\n\t\t\t\t\t<\/div>\n\t\t<\/section>\n\t\t\t\t<section class=\"elementor-section elementor-top-section elementor-element elementor-element-99e42eb elementor-section-boxed elementor-section-height-default elementor-section-height-default\" data-id=\"99e42eb\" data-element_type=\"section\">\n\t\t\t\t\t\t<div class=\"elementor-container elementor-column-gap-default\">\n\t\t\t\t\t\t\t<div class=\"elementor-row\">\n\t\t\t\t\t<div class=\"elementor-column elementor-col-100 elementor-top-column elementor-element elementor-element-ac6dbfb\" data-id=\"ac6dbfb\" data-element_type=\"column\">\n\t\t\t<div class=\"elementor-column-wrap elementor-element-populated\">\n\t\t\t\t\t\t\t<div class=\"elementor-widget-wrap\">\n\t\t\t\t\t\t<div class=\"elementor-element elementor-element-170d3f7 elementor-widget elementor-widget-image\" data-id=\"170d3f7\" data-element_type=\"widget\" data-widget_type=\"image.default\">\n\t\t\t\t<div class=\"elementor-widget-container\">\n\t\t\t\t\t\t\t\t<div class=\"elementor-image\">\n\t\t\t\t\t\t\t\t\t\t\t\t<img decoding=\"async\" width=\"154\" height=\"154\" src=\"https:\/\/vanha.designontampere.com\/Vanha\/wp-content\/uploads\/2022\/11\/dot_logo_black.jpg.jpg\" class=\"attachment-medium size-medium wp-image-3812\" alt=\"\" loading=\"lazy\" srcset=\"https:\/\/vanha.designontampere.com\/Vanha\/wp-content\/uploads\/2022\/11\/dot_logo_black.jpg.jpg 154w, https:\/\/vanha.designontampere.com\/Vanha\/wp-content\/uploads\/2022\/11\/dot_logo_black.jpg-150x150.jpg 150w\" sizes=\"(max-width: 154px) 100vw, 154px\" \/>\t\t\t\t\t\t\t\t\t\t\t\t\t\t<\/div>\n\t\t\t\t\t\t<\/div>\n\t\t\t\t<\/div>\n\t\t\t\t<div class=\"elementor-element elementor-element-5f2c74f elementor-widget elementor-widget-spacer\" data-id=\"5f2c74f\" data-element_type=\"widget\" data-widget_type=\"spacer.default\">\n\t\t\t\t<div class=\"elementor-widget-container\">\n\t\t\t\t\t<div class=\"elementor-spacer\">\n\t\t\t<div class=\"elementor-spacer-inner\"><\/div>\n\t\t<\/div>\n\t\t\t\t<\/div>\n\t\t\t\t<\/div>\n\t\t\t\t<div class=\"elementor-element elementor-element-c3cad36 elementor-widget elementor-widget-image\" data-id=\"c3cad36\" data-element_type=\"widget\" data-widget_type=\"image.default\">\n\t\t\t\t<div class=\"elementor-widget-container\">\n\t\t\t\t\t\t\t\t<div class=\"elementor-image\">\n\t\t\t\t\t\t\t\t\t\t\t\t<img decoding=\"async\" width=\"300\" height=\"115\" src=\"https:\/\/vanha.designontampere.com\/Vanha\/wp-content\/uploads\/2023\/05\/tampere.finland_rgb-300x115.png\" class=\"attachment-medium size-medium wp-image-4153\" alt=\"\" loading=\"lazy\" srcset=\"https:\/\/vanha.designontampere.com\/Vanha\/wp-content\/uploads\/2023\/05\/tampere.finland_rgb-300x115.png 300w, https:\/\/vanha.designontampere.com\/Vanha\/wp-content\/uploads\/2023\/05\/tampere.finland_rgb-1024x394.png 1024w, https:\/\/vanha.designontampere.com\/Vanha\/wp-content\/uploads\/2023\/05\/tampere.finland_rgb-768x295.png 768w, https:\/\/vanha.designontampere.com\/Vanha\/wp-content\/uploads\/2023\/05\/tampere.finland_rgb-1536x591.png 1536w, https:\/\/vanha.designontampere.com\/Vanha\/wp-content\/uploads\/2023\/05\/tampere.finland_rgb-2048x788.png 2048w\" sizes=\"(max-width: 300px) 100vw, 300px\" \/>\t\t\t\t\t\t\t\t\t\t\t\t\t\t<\/div>\n\t\t\t\t\t\t<\/div>\n\t\t\t\t<\/div>\n\t\t\t\t\t\t<\/div>\n\t\t\t\t\t<\/div>\n\t\t<\/div>\n\t\t\t\t\t\t\t\t<\/div>\n\t\t\t\t\t<\/div>\n\t\t<\/section>\n\t\t\t\t<section class=\"elementor-section elementor-top-section elementor-element elementor-element-507ecce elementor-section-boxed elementor-section-height-default elementor-section-height-default\" data-id=\"507ecce\" data-element_type=\"section\">\n\t\t\t\t\t\t<div class=\"elementor-container elementor-column-gap-default\">\n\t\t\t\t\t\t\t<div class=\"elementor-row\">\n\t\t\t\t\t<div class=\"elementor-column elementor-col-100 elementor-top-column elementor-element elementor-element-ec76692\" data-id=\"ec76692\" data-element_type=\"column\">\n\t\t\t<div class=\"elementor-column-wrap elementor-element-populated\">\n\t\t\t\t\t\t\t<div class=\"elementor-widget-wrap\">\n\t\t\t\t\t\t<div class=\"elementor-element elementor-element-8a03946 elementor-widget elementor-widget-image\" data-id=\"8a03946\" data-element_type=\"widget\" data-widget_type=\"image.default\">\n\t\t\t\t<div class=\"elementor-widget-container\">\n\t\t\t\t\t\t\t\t<div class=\"elementor-image\">\n\t\t\t\t\t\t\t\t\t\t\t\t<img decoding=\"async\" width=\"300\" height=\"77\" src=\"https:\/\/vanha.designontampere.com\/Vanha\/wp-content\/uploads\/2023\/05\/Vaakuna_Tampere-300x77.png\" class=\"attachment-medium size-medium wp-image-4155\" alt=\"\" loading=\"lazy\" srcset=\"https:\/\/vanha.designontampere.com\/Vanha\/wp-content\/uploads\/2023\/05\/Vaakuna_Tampere-300x77.png 300w, https:\/\/vanha.designontampere.com\/Vanha\/wp-content\/uploads\/2023\/05\/Vaakuna_Tampere.png 678w\" sizes=\"(max-width: 300px) 100vw, 300px\" \/>\t\t\t\t\t\t\t\t\t\t\t\t\t\t<\/div>\n\t\t\t\t\t\t<\/div>\n\t\t\t\t<\/div>\n\t\t\t\t\t\t<\/div>\n\t\t\t\t\t<\/div>\n\t\t<\/div>\n\t\t\t\t\t\t\t\t<\/div>\n\t\t\t\t\t<\/div>\n\t\t<\/section>\n\t\t\t\t\t\t\t\t\t<\/div>\n\t\t\t<\/div>\n\t\t\t\t\t<\/div>\n\t\t","protected":false},"excerpt":{"rendered":"<p>DesignOnTampere ry DesignOnTampere ry on tamperelaisten eri alojen suunnittelijoiden perustama yhdistys, joka kehitt\u00e4\u00e4 muotoilu- ja kaupunkikulttuuria Tampereella. Yhdistys on rekister\u00f6ity vuonna 2010. Yhdistyksen energinen synergia mahdollistaa notkean toiminnan ja eloisat tapahtumat. DOT ry j\u00e4rjest\u00e4\u00e4 vuosittain kolme Designtoria ja julkaisee vuosittain design-kartan Tampereen mielenkiintoisimmista putiikeista, kahviloista ja gallerioista. Yhdistys julkaisee my\u00f6s vuosittain DOT-muotoilu- ja kaupunkikulttuurilehden. Lis\u00e4ksi [&hellip;]<\/p>\n","protected":false},"author":2,"featured_media":0,"parent":0,"menu_order":0,"comment_status":"closed","ping_status":"closed","template":"","meta":[],"_links":{"self":[{"href":"https:\/\/vanha.designontampere.com\/Vanha\/wp-json\/wp\/v2\/pages\/209"}],"collection":[{"href":"https:\/\/vanha.designontampere.com\/Vanha\/wp-json\/wp\/v2\/pages"}],"about":[{"href":"https:\/\/vanha.designontampere.com\/Vanha\/wp-json\/wp\/v2\/types\/page"}],"author":[{"embeddable":true,"href":"https:\/\/vanha.designontampere.com\/Vanha\/wp-json\/wp\/v2\/users\/2"}],"replies":[{"embeddable":true,"href":"https:\/\/vanha.designontampere.com\/Vanha\/wp-json\/wp\/v2\/comments?post=209"}],"version-history":[{"count":46,"href":"https:\/\/vanha.designontampere.com\/Vanha\/wp-json\/wp\/v2\/pages\/209\/revisions"}],"predecessor-version":[{"id":4648,"href":"https:\/\/vanha.designontampere.com\/Vanha\/wp-json\/wp\/v2\/pages\/209\/revisions\/4648"}],"wp:attachment":[{"href":"https:\/\/vanha.designontampere.com\/Vanha\/wp-json\/wp\/v2\/media?parent=209"}],"curies":[{"name":"wp","href":"https:\/\/api.w.org\/{rel}","templated":true}]}}